0 and 63316251?
261
Calculate the greatest common factor of 31983448 and 70.
14
What is the greatest common divisor of 830009308 and 370?
74
Calculate the greatest common divisor of 220274294 and 9073.
9073
What is the highest common divisor of 537520 and 14480?
80
Calculate the highest common divisor of 215954 and 5206.
38
What is the greatest common factor of 551 and 848293?
19
What is the highest common factor of 9380 and 1995126?
938
What is the greatest common divisor of 497226 and 1738?
158
Calculate the highest common factor of 8856 and 296594.
82
What is the highest common divisor of 903525 and 2975?
175
Calculate the highest common divisor of 897569 and 79913.
157
Calculate the highest common divisor of 2432 and 170981.
19
Calculate the greatest common factor of 1408 and 205857152.
128
Calculate the greatest common divisor of 4486 and 849224473.
2243
Calculate the highest common factor of 8384 and 8126192.
2096
Calculate the greatest common divisor of 156720 and 15360.
240
Calculate the highest common divisor of 487497497 and 19.
19
Calculate the greatest common factor of 49567404 and 55476.
804
Calculate the highest common divisor of 2484211 and 2041.
157
Calculate the highest common factor of 56756353 and 85.
17
Calculate the greatest common divisor of 8591 and 20254454.
781
What is the greatest common factor of 2730 and 4279422?
42
What is the greatest common divisor of 4342 and 158380963?
2171
What is the greatest common factor of 68 and 50571124?
68
What is the highest common factor of 490 and 54140345?
245
Calculate the greatest common factor of 7420 and 120820390.
530
Calculate the highest common factor of 9062793 and 28890.
2889
What is the greatest common factor of 4298 and 7406?
14
Calculate the highest common divisor of 4725 and 466695.
135
Calculate the greatest common factor of 1490 and 54965206.
298
Calculate the highest common divisor of 22940 and 2223552.
148
What is the greatest common divisor of 70386960 and 630?
210
What is the highest common divisor of 201804 and 96279?
201
Calculate the highest common factor of 18672 and 3036534.
2334
Calculate the greatest common factor of 75359628 and 72.
36
Calculate the highest common factor of 5672884 and 476420.
2324
What is the highest common factor of 20936383 and 6305?
1261
What is the highest common factor of 1122227264 and 192?
64
What is the greatest common factor of 112706 and 178882?
1034
Calculate the highest common factor of 69842 and 2086344.
1486
Calculate the greatest common divisor of 1620 and 9407340.
1620
What is the greatest common divisor of 15 and 129620265?
15
What is the highest common factor of 265756 and 2956956?
3364
Calculate the greatest common divisor of 48328375 and 375.
125
Calculate the greatest common factor of 172 and 131160191.
43
Calculate the highest common factor of 5642991 and 292608.
1143
What is the greatest common divisor of 1666964 and 52?
52
Calculate the highest common divisor of 9954840 and 6.
6
What is the highest common divisor of 137018196 and 171?
171
What is the greatest common divisor of 106800 and 32208?
48
What is the greatest common divisor of 10079211 and 2262?
87
What is the greatest common factor of 950 and 13905150?
950
What is the greatest common factor of 400802117 and 92?
23
What is the greatest common factor of 611 and 3437226?
13
What is the highest common divisor of 265 and 303212629?
53
What is the greatest common factor of 59322379 and 30811?
2801
What is the highest common divisor of 380 and 11348510?
190
Calculate the highest common factor of 1013400 and 1152.
72
Calculate the highest common divisor of 31170821 and 649.
649
What is the highest common factor of 407308488 and 60?
12
Calculate the greatest common factor of 1479 and 119356779.
1479
Calculate the greatest common divisor of 8230320 and 12915.
315
What is the greatest common divisor of 228 and 257761676?
76
Calculate the greatest common factor of 148 and 5419094.
74
What is the highest common divisor of 242112 and 36684624?
4656
What is the highest common factor of 505 and 2905213995?
505
Calculate the greatest common divisor of 1190 and 2128910.
1190
What is the highest common divisor of 1995 and 437960355?
1995
Calculate the highest common divisor of 27 and 11728899.
9
What is the highest common divisor of 2729978 and 2384?
298
What is the highest common factor of 144759 and 105996?
219
What is the greatest common factor of 164600 and 21320?
40
Calculate the highest common divisor of 169 and 1057563.
13
Calculate the greatest common divisor of 8335 and 138200.
5
What is the greatest common factor of 140336 and 4663232?
784
Calculate the highest common factor of 75919 and 3941863.
79
What is the greatest common divisor of 133796 and 165044?
124
Calculate the highest common factor of 707054245 and 926.
463
Calculate the highest common divisor of 30296 and 11777570.
7574
What is the highest common divisor of 3757 and 1124006?
221
What is the highest common factor of 3351338 and 316?
158
What is the highest common divisor of 1585 and 5905?
5
What is the greatest common divisor of 192 and 10034816?
64
What is the greatest common divisor of 119700 and 230?
10
What is the greatest common divisor of 900 and 122213430?
90
Calculate the greatest common divisor of 8510 and 125101255.
4255
What is the greatest common divisor of 80534 and 1426774?
1202
Calculate the greatest common factor of 3354337 and 14.
7
What is the highest common divisor of 30429 and 326830?
1127
Calculate the greatest common divisor of 2379190 and 186362.
946
Calculate the greatest common divisor of 82 and 18654631.
41
What is the greatest common divisor of 26352738 and 2864?
358
What is the greatest common factor of 100 and 58357400?
100
Calculate the greatest common divisor of 10530 and 2547870.
390
Calculate the greatest common divisor of 82 and 639449366.
82
Calculate the highest common divisor of 260 and 23158265.
65
What is the greatest common factor of 5243360 and 440?
40
Calculate the highest common factor of 204 and 70708304.
68
Calculate the highest common factor of 29586763 and 667.
23
Calculate the greatest common factor of 480808737 and 1026.
513
What is the greatest common divisor of 3560271 and 2355951?
7527
What is the greatest common divisor of 722664 and 9360?
72
Calculate the greatest common factor of 51 and 322094801.
17
What is the greatest common divisor of 542165 and 16321?
19
What is the highest common divisor of 23870 and 21958090?
770
Calculate the greatest common divisor of 9884 and 806381198.
4942
What is the highest common factor of 2637 and 27450584?
293
Calculate the highest common factor of 367629795 and 117.
117
What is the highest common divisor of 1065295 and 13695?
55
Calculate the greatest common divisor of 128388108 and 358.
358
What is the highest common divisor of 20 and 469223840?
20
What is the highest common factor of 912910 and 240?
10
What is the highest common factor of 37877 and 6705002?
773
What is the greatest common factor of 21000 and 1236?
12
Calculate the highest common divisor of 40378 and 3133954.
3106
What is the highest common factor of 129 and 135744292?
43
What is the greatest common divisor of 51060 and 1660?
20
What is the highest common divisor of 134797 and 5967?
13
What is the highest common factor of 14025074 and 637?
49
What is the highest common divisor of 11426771 and 969?
323
Calculate the greatest common divisor of 17897 and 2739.
11
What is the greatest common factor of 15678 and 2742246?
234
Calculate the greatest common factor of 60612 and 564.
12
What is the greatest common divisor of 71764577 and 437?
437
Calculate the highest common divisor of 8260 and 8715140.
140
Calculate the greatest common factor of 547124 and 132848.
1748
Calculate the highest common divisor of 12629 and 5790287.
73
What is the highest common divisor of 283877 and 409244?
1441
Calculate the greatest common divisor of 80 and 227592300.
20
Calculate the greatest common factor of 1232 and 162932.
308
Calculate the greatest common factor of 249825559 and 31.
31
Calculate the greatest common divisor of 14419614 and 396.
66
What is the greatest common divisor of 33 and 48747875?
11
What is the highest common divisor of 17856 and 5518496?
99